5?
5
What is the highest common divisor of 720 and 36?
36
What is the highest common factor of 891 and 363?
33
What is the highest common factor of 101 and 13231?
101
Calculate the greatest common divisor of 1178 and 19.
19
Calculate the highest common divisor of 58 and 4.
2
Calculate the greatest common divisor of 10 and 45.
5
What is the highest common divisor of 105 and 1965?
15
What is the highest common factor of 110 and 176?
22
What is the greatest common divisor of 1846 and 284?
142
Calculate the greatest common factor of 204 and 10302.
102
What is the greatest common divisor of 595 and 315?
35
Calculate the highest common factor of 1160 and 58.
58
Calculate the highest common factor of 1758 and 6.
6
Calculate the highest common factor of 117 and 247.
13
What is the highest common divisor of 303 and 10?
1
Calculate the greatest common factor of 9540 and 2.
2
What is the greatest common factor of 2222 and 22?
22
What is the greatest common divisor of 80 and 360?
40
Calculate the greatest common divisor of 1524 and 36.
12
Calculate the greatest common divisor of 21 and 35.
7
What is the greatest common divisor of 41 and 1271?
41
Calculate the greatest common factor of 7904 and 247.
247
Calculate the greatest common factor of 4 and 12.
4
What is the greatest common factor of 318 and 4028?
106
Calculate the greatest common divisor of 2268 and 1344.
84
What is the greatest common factor of 15483 and 13?
13
What is the highest common divisor of 92 and 76682?
46
Calculate the greatest common divisor of 1580 and 20.
20
Calculate the highest common divisor of 437 and 253.
23
Calculate the highest common factor of 99 and 231.
33
Calculate the greatest common factor of 135 and 22095.
45
What is the greatest common divisor of 106 and 2650?
106
Calculate the greatest common factor of 11 and 8613.
11
Calculate the greatest common factor of 6052 and 68.
68
Calculate the highest common factor of 10 and 35.
5
What is the highest common divisor of 475 and 855?
95
Calculate the greatest common factor of 48 and 156.
12
Calculate the greatest common factor of 8 and 1.
1
What is the highest common factor of 425 and 15?
5
What is the greatest common factor of 96 and 78?
6
What is the greatest common factor of 147 and 93?
3
What is the greatest common factor of 424 and 1219?
53
What is the greatest common factor of 2214 and 108?
54
What is the highest common divisor of 682 and 62?
62
What is the greatest common divisor of 430 and 70?
10
What is the highest common factor of 140 and 710?
10
Calculate the greatest common factor of 11 and 264.
11
What is the highest common divisor of 5315 and 10?
5
Calculate the greatest common factor of 117 and 156.
39
Calculate the highest common divisor of 156 and 429.
39
What is the greatest common factor of 595 and 2310?
35
Calculate the greatest common factor of 28 and 322.
14
Calculate the greatest common factor of 483 and 168.
21
What is the highest common divisor of 49449 and 159?
159
What is the greatest common divisor of 8967 and 147?
147
Calculate the greatest common factor of 40 and 32.
8
What is the highest common divisor of 44 and 198?
22
What is the greatest common factor of 344 and 1118?
86
Calculate the greatest common factor of 51 and 2924.
17
Calculate the highest common divisor of 138 and 483.
69
Calculate the highest common divisor of 376 and 47.
47
What is the greatest common divisor of 100 and 42500?
100
What is the greatest common factor of 402 and 66?
6
What is the highest common factor of 31 and 7967?
31
What is the greatest common divisor of 1650 and 132?
66
Calculate the greatest common divisor of 100 and 4050.
50
What is the greatest common factor of 130 and 20?
10
What is the highest common divisor of 8 and 824?
8
Calculate the greatest common factor of 453 and 69.
3
What is the highest common divisor of 1017 and 9?
9
Calculate the greatest common factor of 187 and 55.
11
Calculate the greatest common divisor of 286 and 22.
22
What is the greatest common divisor of 57 and 7809?
57
What is the highest common divisor of 8 and 6928?
8
What is the greatest common factor of 72 and 180?
36
Calculate the highest common divisor of 28 and 84.
28
Calculate the highest common divisor of 150 and 3075.
75
Calculate the greatest common divisor of 17442 and 68.
34
Calculate the highest common factor of 915 and 427.
61
Calculate the greatest common divisor of 6799 and 39.
13
What is the highest common factor of 141 and 376?
47
Calculate the highest common divisor of 116 and 551.
29
What is the greatest common factor of 574 and 126?
14
What is the highest common divisor of 133 and 29659?
133
Calculate the greatest common divisor of 1122 and 66.
66
Calculate the greatest common divisor of 882 and 126.
126
What is the greatest common divisor of 112 and 19984?
16
What is the highest common divisor of 407 and 11?
11
What is the highest common factor of 495 and 275?
55
What is the greatest common factor of 15 and 38085?
15
What is the highest common divisor of 18 and 549?
9
What is the greatest common factor of 89 and 11392?
89
What is the greatest common divisor of 1312 and 216?
8
Calculate the highest common divisor of 323 and 34.
17
Calculate the highest common factor of 675 and 3000.
75
Calculate the greatest common factor of 308 and 55.
11
What is the highest common factor of 4 and 6?
2
What is the highest common divisor of 18 and 3?
3
What is the greatest common divisor of 3743 and 38?
19
What is the highest common factor of 117 and 2067?
39
Calculate the highest common factor of 377 and 145.
29
What is the highest common divisor of 85 and 459?
17
Calculate the greatest common divisor of 265 and 212.
53
Calculate the highest common divisor of 70 and 1120.
70
Calculate the highest common factor of 342 and 2774.
38
Calculate the greatest common divisor of 260 and 500.
20
Calculate the highest common factor of 84 and 966.
42
What is the highest common factor of 2394 and 76?
38
Calculate the greatest common divisor of 366 and 42.
6
What is the highest common factor of 11 and 814?
11
What is the highest common divisor of 962 and 39?
13
What is the greatest common factor of 54 and 198?
18
What is the highest common factor of 16 and 688?
16
What is the greatest common factor of 9 and 25857?
9
Calculate the highest common divisor of 256 and 864.
32
Calculate the highest common divisor of 1 and 59.
1
Calculate the highest common factor of 450 and 54.
18
Calculate the highest common factor of 22148 and 42.
14
What is the highest common divisor of 232 and 319?
29
Calculate the greatest common factor of 28 and 28.
28
What is the greatest common divisor of 230 and 30?
10
Calculate the greatest common factor of 1232 and 84.
28
What is the greatest common divisor of 16 and 4?
4
What is the greatest common factor of 575 and 161?
23
What is the highest common factor of 111 and 259?
37
What is the highest common divisor of 738 and 82?
82
Calculate the greatest common factor of 36 and 124.
4
What is the highest common factor of 31050 and 138?
138
Calculate the highest common factor of 530 and 930.
10
What is the highest common factor of 40 and 68920?
40
What is the highest common factor of 507 and 78?
39
Calculate the highest common divisor of 63 and 18.
9
Calculate the greatest common divisor of 962 and 338.
26
What is the greatest common divisor of 20 and 1060?
20
What is the greatest common factor of 108 and 396?
36
What is the highest common divisor of 1060 and 80?
20
Calculate the greatest common divisor of 273 and 4823.
91
What is the highest common divisor of 100 and 1560?
20
Calculate the greatest common divisor of 80 and 32.
16
What is the highest common divisor of 213 and 98193?
213
What is the greatest common factor of 3840 and 576?
192
Calculate the greatest common factor of 6364 and 37.
37
Calculate the greatest common divisor of 170 and 578.
34
What is the greatest common divisor of 273 and 117?
39
Calculate the highest common divisor of 3741 and 3219.
87
What is the highest common divisor of 42 and 231?
21
What is the greatest common factor of 36 and 84?
12
What is the greatest common divisor of 13133 and 23?
23
Calculate the highest common factor of 156 and 24.
12
Calculate the greatest common factor of 11772 and 